 50 - -4. Suppose 5*i = 6*i + 36. Let t = 64 + i. What is the remainder when q is divided by t?
26
Suppose 5*l = -3*a + 688 - 159, -5*l + 545 = -5*a. What is the remainder when l is divided by 28?
23
Let o(a) = -a**3 - 11*a**2 - 9*a + 4. Let f be (-2 + 16/3)*-3. Let d be o(f). Let j = d + 15. Calculate the remainder when 34 is divided by j.
7
Calculate the remainder when 1091 is divided by 720/52 + 8*6/312.
13
Let y be ((-36)/(-63))/((-2)/(-21)). Let l = y - -4. Let o(w) = -2*w + 15. Calculate the remainder when o(-12) is divided by l.
9
Suppose -1588 = 15*t - 9493. What is the remainder when t is divided by 44?
43
Let w(i) = i**3 - 6*i**2 - 8*i + 7. Let x be w(7). What is the remainder when x + 46 + -5 + 5 is divided by 18 - (4 - (-2)/(-1))?
14
Let q = -12 - -7. Let l = q + 17. Calculate the remainder when 32 is divided by l.
8
Let h = -2 + 5. Let f be -8*1/(-6)*-9. Let d = f + 15. What is the remainder when d is divided by h?
0
What is the remainder when 13/(-1) + (-273 - -376) is divided by 29?
3
Let j(x) = -x**3 + 22*x**2 + 47. What is the remainder when j(22) is divided by 35?
12
Let h = -264 + 272. Calculate the remainder when 16 is divided by h.
0
Let b(t) = 12*t**2 + 13*t + 38. What is the remainder when b(-4) is divided by 60?
58
Let w(g) = g**3 - 7*g**2 - 4*g + 2. Let t be w(8). Let k = t - 22. What is the remainder when 71 is divided by k?
11
Suppose 10 = 10*g - 8*g. Suppose -g*i + 3*o = -193, -71 = -3*i + o + 48. What is the remainder when i is divided by 14?
13
Suppose 0 = -4*w - 2*u + 100, w - 4 = 2*u + 11. Calculate the remainder when 68 is divided by w.
22
Suppose 5*h - 5*b = 55, 0 = 2*h - 0*b + 2*b - 38. Suppose -28*w + 1780 = 1668. What is the remainder when h is divided by w?
3
Suppose -4*u + 1189 = -5*a, -4*u + 818 + 401 = 5*a. What is the remainder when u is divided by 17?
12
Let m(x) = -x + 15. Let z be m(11). Suppose 4 - 20 = -z*d. Calculate the remainder when 7 is divided by (-2 - -1) + d + 2.
2
Let d be (2/(-3))/(0 - 2/9). What is the remainder when 0 + d + -5 + 202 is divided by 29?
26
Let d = 17 + -10. Let j be 58/d - 4/14. Let u = j - -33. Calculate the remainder when u is divided by 11.
8
Calculate the remainder when 243 is divided by -24*4/(-3) - -3.
33
What is the remainder when (4/8*-78)/(1/(-2)) is divided by 17?
10
Suppose -19*q + 2700 = 17*q. Calculate the remainder when q is divided by 64.
11
Let y = -30 + 29. Let r(g) = 16*g**2 - g - 2. Calculate the remainder when 57 is divided by r(y).
12
Let b(a) be the third derivative of 0*a + 1/60*a**5 + 3*a**2 - 1/6*a**3 + 0 - 1/12*a**4. What is the remainder when b(7) is divided by 9?
7
Calculate the remainder when 4/(1 - 3 - -4) is divided by 2.
0
Suppose -8*c = -4*t - 3*c + 29, -3*t = 2*c + 7. Let p be 2*1*(-68)/(-8). What is the remainder when (p + 0)*t*2 is divided by 9?
7
Suppose 0 = -35*q + 1618 + 1952. Calculate the remainder when q is divided by 21.
18
Let g = -63 - -71. Suppose 12*a - g*a - 224 = 0. Calculate the remainder when a is divided by 19.
18
Let x(g) = g**3 + 3*g**2 + 8*g - 2. Let t be x(-4). Let p = t + 74. Let q = 19 + -12. Calculate the remainder when p is divided by q.
3
Suppose 4 = 3*u - 23. Suppose 2*z + 0*z = 4*b + 12, 3*b = -z - 14. Calculate the remainder when b - -3 - -3*5 is divided by u.
5
Let d = -74 + 76. Suppose -5*f + 20 = v + 3, 5*f = -3*v + 11. Suppose -d*q - 28 = -f*q. Calculate the remainder when 26 is divided by q.
12
Suppose 4*b = b + 2*f - 6, b - 2 = 2*f. Let j(z) = z**3 + 4*z**2 - 2*z - 5. Let u be j(-4). Calculate the remainder when 23 is divided by u - (-10 + 2 - b).
2
Suppose -2*f + 2*g + 6 = -32, -5*g + 13 = f. What is the remainder when 210 is divided by f?
12
Calculate the remainder when 688 is divided by ((-62)/(-155))/((-4)/(-100)).
8
Suppose -5*f + 2*f - 332 = -5*z, -2*f = -2. Let s be 5 + (-69)/21 - 2/(-7). Suppose 157 = s*t + 123. Calculate the remainder when z is divided by t.
16
Suppose -16 = 5*a - 1, a = 4*q - 3. Let n(i) = -i**2 - 2*i + 3*i**2 + 6*i + 1 + q*i. Calculate the remainder when n(-4) is divided by 9.
8
Let y = 25 + -1. Suppose 0*a + 4*s = -4*a - 52, 3*s = 5*a + 41. Calculate the remainder when (a - 2)*-4 - 3 is divided by y.
21
Let z(p) = p**2 - 8*p + 15. Let x be z(7). Let l(i) = i**3 - 7*i**2 - 6*i - 3. What is the remainder when l(x) is divided by 7?
6
Let w = -129 - -206. Calculate the remainder when 229 is divided by w.
75
Let b = 1023 - 926. What is the remainder when b is divided by 26?
19
Suppose -d - 24 = 2*d. Calculate the remainder when 73 is divided by (-286)/d + 2 + 16/64.
35
Let f(b) = 280*b**2 + 2. What is the remainder when f(1) is divided by 5?
2
Suppose 0 = 3*u - 2*c + 41, -2*u + 6*u - 2*c = -56. What is the remainder when 24 is divided by u/2*(-24)/20?
6
Suppose s + 4 = -5*c + 30, 4*c - 8 = -4*s. Calculate the remainder when 1/(-3 - (-590)/195) is divided by c.
3
Let y = -426 + 562. Calculate the remainder when y is divided by 68.
0
Let p(n) = n**2 + 23*n + 131. What is the remainder when 246 is divided by p(-7)?
18
Let s = 701 + -586. Calculate the remainder when s is divided by 24.
19
Let g = 21 - -13. Calculate the remainder when 65 is divided by g.
31
Let p be 3/(-1) - 112/(-4). Let n = -49 + p. Let u = n + 71. Calculate the remainder when u is divided by 8.
7
Suppose -2*k - 3*z + 8 = z, -4*z = -4*k - 8. Let d be (k/(0 + -3))/(-1). Suppose d = o - 4*o + 72. What is the remainder when 94 is divided by o?
22
What is the remainder when 156 is divided by (-19 + -21)*(2/4)/(-1)?
16
Let r(i) = i**3 + 10*i**2 + 8*i - 3. What is the remainder when 189 is divided by r(-8)?
6
Suppose -15*c + 2*c - 2*c = -540. Calculate the remainder when 3/((-1)/(1 - 72)) is divided by c.
33
Let w = -668 + 978. What is the remainder when w is divided by 46?
34
Let r = -34 + 37. Suppose 4*i - 26 = 5*p - 2, -5*i + r*p + 30 = 0. What is the remainder when 13 is divided by i?
1
Let y be (-2 + 1)*(-61 - -2). Suppose -12*b + 13 + y = 0. Calculate the remainder when 9 is divided by b.
3
Suppose -g = 5*g - 240. Let r = g + 1. Calculate the remainder when r is divided by 22.
19
Let y = -2239 - -1508. Let w = 3 - -1. Calculate the remainder when (-2)/(-3) - y/51 is divided by w.
3
Let m = -86 - -111. Suppose 12*x - 48 = -0*x. What is the remainder when m is divided by x?
1
Let z = 4 - 4. Let v(q) be the second derivative of -q**5/20 + q**4/12 - q**3/6 + 19*q**2/2 - 4*q. Calculate the remainder when v(z) is divided by 10.
9
Suppose 12*x = 8*x + 56. What is the remainder when 83 is divided by x?
13
Let t(a) = 5*a**2 - 25*a + 52. What is the remainder when 361 is divided by t(5)?
49
Let n(w) = 9*w**2 + w - 35. Calculate the remainder when n(5) is divided by 25.
20
Suppose -4*m - 29 = -2*j - 71, -4*m - 60 = 4*j. Let c = j - -32. Let q = 31 + -3. Calculate the remainder when q is divided by c.
13
Suppose 0 = 8*y - 4*y. Suppose i + 2*s - 10 = 0, -4*s - 22 = -0*i - 5*i. Calculate the remainder when 50 is divided by (y - -17)*i/6.
16
Suppose -10 = 5*s, s = -3*p + 2*p + 3. Suppose 5*t = 4*h + 174, 5*t = -p*h - 1 + 166. What is the remainder when t is divided by 18?
16
Let g be 36/2 - (2 + 0). Suppose -2*j = -g - 14. What is the remainder when 27 is divided by j?
12
Let q = 31 + -16. Let d be (-6)/(-4) + (-49)/14. What is the remainder when (969/34)/(d/(-4)) is divided by q?
12
Let v = 3 + 0. Suppose -57 = -v*i - 5*d, i - d - 19 = 4*d. Suppose 0 = a + 1, -184 + 10 = -5*x - a. Calculate the remainder when x is divided by i.
16
Suppose -4*h + 293 = 69. Let s = -19 + h. Calculate the remainder when s is divided by 13.
11
Let p(v) = -2*v - 3 + 6*v**2 + 0 - 8*v**2 + 3*v**2. Let s(h) = h**2 - 8*h + 7. Let i be s(6). Calculate the remainder when 125 is divided by p(i).
29
Let w = 1205 - 1151. What is the remainder when 914 is divided by w?
50
Let m(o) be the third derivative of 5*o**2 - 1/3*o**3 + 0 + 1/15*o**5 - 1/12*o**4 + 0*o. What is the remainder when 17 is divided by m(2)?
7
Let z(r) = -4*r + 9. Let p be z(4). Calculate the remainder when 264/7 - 2/p is divided by 10.
8
Suppose -10*y - 1554 = -52*y. What is the remainder when 142 is divided by y?
31
Let b(g) = -37*g + 11 - 1 + 36*g. Calculate the remainder when 42 is divided by b(-14).
18
Let t(n) = -45*n + 36. Calculate the remainder when t(-3) is divided by 43.
42
Le